econd derivative of q**4/3 + 16*q**3 + 2*q**2 + 87*q + 1. What are the prime factors of w(-28)?
2, 113
Let y = 3 + -5. Let w(s) be the third derivative of -s**6/8 + s**5/20 + 5*s**4/24 + 25*s**2 - 3*s. What are the prime factors of w(y)?
2, 61
Let w(o) = -2*o - 2. Let s be 238/56 - (-2)/(-8). Suppose -3*k - 21 = s*v, -5*v - 35 = -0*k - 5*k. What are the prime factors of w(v)?
2, 5
Let z be (1 - 255)*(-4)/(1 - -7). Let s = z + -73. List the prime factors of 3576/s + 6/(-27).
2, 3, 11
Let d(t) = -t**3 - 7*t**2 - 4*t - 7. Let a be d(-8). Suppose -j = 5*f + a, -2*j + 4*f = -j + 71. Let k = 115 + j. List the prime factors of k.
2, 3
Let b be (2/3)/(354/(-90) + 4). Let m = 14 - b. Suppose 3*g + 3*z = 330, m*z + z + 227 = 2*g. List the prime factors of g.
3, 37
Suppose -141743 = 69*d - 300758 - 179637. List the prime factors of d.
2, 3, 409
Let d = 244 + -410. Let t = d + 247. Let y = -53 + t. What are the prime factors of y?
2, 7
Let b = 64078 - 26625. What are the prime factors of b?
13, 43, 67
Let q(y) = 26*y**2 + 4*y - 12. Let j be q(2). List the prime factors of j/15*30/1.
2, 5
Let k(d) = 120*d**2 - 10*d + 43. Suppose 0 = 28*i - 17 - 67. What are the prime factors of k(i)?
1093
Let f = -156 + 153. What are the prime factors of 5/50 + (-1239)/30*f?
2, 31
Let i(d) = d**2 + 5*d + 9. Let x be i(-2). Suppose -53 - 13 = -x*b. Suppose -n + b + 80 = 0. List the prime factors of n.
2, 3, 17
Let q = 6823 - 2081. What are the prime factors of q?
2, 2371
Let y(g) = -g**2 - 172*g**3 - 1 - 2 - 2 - 2. What are the prime factors of y(-2)?
3, 5, 7, 13
Let o be (-16)/16*(5 - 0). List the prime factors of o - (4 - (375 - -2)).
2, 23
Suppose 5*h + k = 45, -3 + 18 = -h - 5*k. Suppose -5*q = 4*p - 6221, h*q - 5*p + 2485 = 12*q. What are the prime factors of q?
3, 5, 83
Let o(d) = -3*d**3 - 19*d**2 - 13*d + 21. List the prime factors of o(-23).
2, 5, 2677
Suppose 0 = -21*w + 46108 + 171956. Suppose -s + 23*s - w = 0. What are the prime factors of s?
2, 59
Let m = -699 + 3042. What are the prime factors of m?
3, 11, 71
Let a(y) = -2 + 4 + 28*y + 11 - 1. Let c be a(8). Suppose -c = 66*b - 68*b. What are the prime factors of b?
2, 59
Let a be ((-3429)/(-36))/(2*1/(-8)). Let j be ((-2)/(-3))/((-2)/a). Suppose -5*m = -25, j + 612 = 4*i + 3*m. List the prime factors of i.
181
Let h = -1720 + 5393. What are the prime factors of h?
3673
Suppose 19*v + 0*v - 183737 = -12*v. What are the prime factors of v?
5927
Let c be (((-45)/12)/5)/((-1)/28). Let q = 27 - c. Suppose -294 = -q*w - w. What are the prime factors of w?
2, 3, 7
Let x(y) be the second derivative of -y**4/12 - 5*y**3/2 + 3*y**2/2 + 13*y. Let o be x(-9). Let j = -41 + o. What are the prime factors of j?
2
Suppose -2*c - 15*u = -12*u - 37, 51 = 3*c + 3*u. What are the prime factors of (-12)/c*(-18305)/10?
3, 523
Let l(m) = -579*m + 378. List the prime factors of l(-13).
3, 5, 17, 31
Suppose 359*z = 354*z + 760. Let c = -130 + z. What are the prime factors of c?
2, 11
Let f(x) = -x**3 + 8*x**2 + x + 9. Let o(n) = 4*n**2 - 2. Let k be o(1). Suppose w = -k*c + 6 - 2, 6 = -3*c. What are the prime factors of f(w)?
17
Let i be (-90)/(-25) - 4 - 8976/(-15). Let b = -273 + i. List the prime factors of b.
5, 13
Let t = -300 - -306. Suppose t*s = 2*s + 3*g + 1581, -5*s + 3*g = -1977. What are the prime factors of s?
2, 3, 11
Let r = 67 - -47. Let n = r + -112. Suppose n*i = 2*h + 424, -713 = -4*i - 4*h + 127. What are the prime factors of i?
211
Let j = -277 - -280. Suppose j*s - 210 + 75 = 0. List the prime factors of s.
3, 5
Let p(i) = -59*i - 306. Let t be p(-51). Let y = 3916 - t. List the prime factors of y.
1213
Suppose 0*s + 688 = 8*s. Suppose -74 - s = -5*d. What are the prime factors of d?
2
Suppose -4*i = -4*z + 64, 0*i + i + 5 = 0. Let r(t) = -t**3 + 14*t**2 - 13*t + 18. What are the prime factors of r(z)?
2, 7, 17
Let d(o) be the second derivative of o**4/4 - 2*o**3 + 31*o**2 - 6*o - 1. Let g be (-3 + 1)/(14/(-49)). What are the prime factors of d(g)?
5
Let j(d) = 3*d + 23. Let q be j(-15). Let y = q - -1. List the prime factors of (-6)/y - (-948)/14.
2, 17
Suppose 658*z + 49968 = 667*z. What are the prime factors of z?
2, 347
Let m(d) = d**2 - 2. Let h be m(2). Suppose a = -h*g + 612, -2*g + 306 = -g - 5*a. What are the prime factors of g?
2, 3, 17
Let t = -31 - -40. Let l = 21 + t. Let n = 54 - l. List the prime factors of n.
2, 3
Let a = 1044 + -1053. List the prime factors of -1 + a/(27/1176)*-5.
3, 653
Suppose 5*o - 230 = -3*s, 8*o = 3*s + 3*o - 220. List the prime factors of (-30)/s*(-785 - 0).
2, 157
Let a(w) be the first derivative of w**4/4 + 4*w**3/3 + 25*w**2/2 - 39*w + 133. What are the prime factors of a(6)?
3, 157
Suppose 5*z + 4*a - 316 = 0, -3*z + 83 = a - 108. Suppose z*n - 75*n + 2673 = 0. What are the prime factors of n?
3
Suppose 9*m + 30*m - 4326 = 9246. What are the prime factors of m?
2, 3, 29
Let c = 1447 - 1439. Let d(u) = -u**2. Let q(o) = -o**3 + 18*o**2 - 16*o - 8. Let p(l) = 6*d(l) + q(l). What are the prime factors of p(c)?
2, 3, 5
Let q(x) = -39*x - 6. Let w be q(-2). Let p = 589 - w. Suppose 0 = -4*j - 73 + p. What are the prime factors of j?
3, 37
Let b(q) = q**2 - 15*q - 7. Let j be b(16). Suppose -724 = -j*g + 5*g. What are the prime factors of g?
181
List the prime factors of 2 - 50*((-1467)/45)/((-3)/(-6)).
2, 7, 233
Suppose -6*h + 83 + 1 = 0. Suppose 18*s = h*s + 12. Suppose s*x + 0*x = 321. What are the prime factors of x?
107
Let j be (-53)/(-11) + 60/330. Suppose -j*q = -0*q - 15, -5*q + 9 = 2*d. Let z(b) = 14*b**2 - 3*b - 4. What are the prime factors of z(d)?
131
What are the prime factors of 408/340*(-26230)/(-4)?
3, 43, 61
Suppose -946 + 2836 = -5*o. Let j = o - -530. What are the prime factors of j?
2, 19
Let x = -13526 + 42629. What are the prime factors of x?
3, 89, 109
Let v = -41 - -46. Suppose -4*u + 925 = -v*s + 3327, 3*s - 1440 = 2*u. Suppose 4*x = s + 70. What are the prime factors of x?
137
Suppose 20*b = 1563 + 257. Let c = 100 - 56. Let z = b - c. What are the prime factors of z?
47
Let g be (248/2)/4 + (-4)/1. Let c = g + -5. What are the prime factors of 1*303/5 + c/55?
61
What are the prime factors of 4/8 + (-143640)/(-80)?
2, 449
Suppose 5*n - 70545 = -88*v + 91*v, 0 = -2*v. List the prime factors of n.
3, 4703
What are the prime factors of ((-1)/(-1))/(16/50640*3)?
5, 211
Suppose -2*d + 2*c = 2592, -4*d + 5*c - 5637 = -457. Let b = -838 - d. Suppose -8*r + r = -b. List the prime factors of r.
2, 3, 11
Suppose 56*n - 29833 - 130796 = 340235. List the prime factors of n.
2, 13, 43
Let o = -38125 - -62546. List the prime factors of o.
24421
Let f = 86578 - 45497. What are the prime factors of f?
41081
Suppose 0 = -27*o + 4*o + 69. Suppose 2*d + 0*d - 408 = o*f, 4*f = -2*d + 380. What are the prime factors of d?
2, 3, 11
Let s(p) = p**2 - 2*p + 5. Let x(d) = -d**3 + 4*d**2 + 5*d. Let l be x(4). Suppose -l*y + 15*y = 60. What are the prime factors of s(y)?
173
Suppose -21*b = -7*b + 1680. Let n = b + 247. What are the prime factors of n?
127
Let i = 928 + -924. List the prime factors of 2691/2 - ((-2)/i - -3).
17, 79
Suppose -3*o + 11134 = -32*r + 28*r, o - 3703 = 3*r. What are the prime factors of o?
2, 11, 13
Suppose 1692 = 44*w - 41*w. Suppose 0*m + w = 2*m + 4*g, -4*m - 4*g = -1148. What are the prime factors of m?
2, 73
Let g be 48/(-360) + (-11554)/(-30). Suppose 482 = 5*c - 4*l, -5*c + 3*l + g = -c. Let i = c + -37. What are the prime factors of i?
3, 19
Suppose -15*u = -18*u + 27. Suppose -2082 = -u*w + 996. List the prime factors of w.
2, 3, 19
Let h = 4 + -11. Let x be ((-2)/(-6))/(h/(-42)). Suppose 3*n = -t + 40, 0 = x*t + 2*n - 62 - 34. List the prime factors of t.
2, 13
Let c = -92 - -162. Suppose -6*u = -u - c. List the prime factors of 2 + 1244/u - 2/(-14).
7, 13
Let w be (196 - -2)*(2 - 105/(-14)). Let d = -832 + w. What are the prime factors of d?
1049
Suppose 9 = -5*x - 1, -a - 3*x = -23. Suppose 0 = -7*o + 6*o - 20. Let b = a + o. What are the prime factors of b?
3
List the prime factors of (10 - (-1340080)/(-100))*(-5)/3.
2, 11159
Let s(b) = -4*b - 10. Let z be s(-3). Suppose 0 = z*m - 0*m - 10. What are the prime factors of 3 - m - (1 - -1 - 29)?
5
Let w = -355 + 376. Suppose -33402 = -w*g - 17*g. What are the prime factors of g?
3,